
Suppose 56*f = 502981 + 12331. What are the prime factors of f?
2, 43, 107
Suppose -c - 5*j + 49909 = 0, -118*c + 116*c + 99807 = -j. List the prime factors of c.
2, 3119
Let o(t) = 927*t - 2362. List the prime factors of o(50).
2, 7, 1571
Suppose r = -3*r + 16. Suppose 5*m = m - r. Let n = 23 - m. What are the prime factors of n?
2, 3
Suppose 0*a = -9*a + 441. Suppose -a = -3*n + 4*q, 0*n - 3*n = 5*q - 13. Suppose 6*f - n*f = -445. What are the prime factors of f?
89
Let a(t) = -44*t - 13*t + 17 + 89 - 4. List the prime factors of a(-5).
3, 43
Let l = 44 + -41. Suppose -3040 = -5*i + l*o, 0 = 2*i - 3*o - 774 - 451. What are the prime factors of 6/(-27) + i/9?
67
Let w = 156984 + -111453. What are the prime factors of w?
3, 5059
List the prime factors of 6/8 - (-455085)/180.
3, 281
Let o = -38781 + 64017. List the prime factors of o.
2, 3, 701
Let o(b) = -320*b - 23. Let k(w) = 640*w + 49. Let p(c) = 2*k(c) + 5*o(c). What are the prime factors of p(-3)?
23, 41
Suppose 3*l + 129*b = 126*b + 47604, -3*b + 9 = 0. List the prime factors of l.
5, 19, 167
Let c be (-5)/(-20) - (894/(-8))/(-3). Let h = -35 - c. Suppose -4*j = -2*v - 24, 4*j - 2*v = h*v + 20. What are the prime factors of j?
7
Let f(x) = x**2 - 10*x - 49. Let z be f(16). Suppose 0*u = 2*u + 20. List the prime factors of (u + 8 - (1 - 0)) + z.
2, 11
Suppose 3*k - 6 = -0, 2*j + 4*k - 846 = 0. Suppose -3*g - q + 253 = 0, -q + j = -g + 6*g. Let x = 153 - g. What are the prime factors of x?
2, 5, 7
Suppose -8850278 = -163*w - 168*w. What are the prime factors of w?
2, 29, 461
Let u(q) = 79*q + 7. Let l = 91 - 88. Suppose 0*g = -l*g + 3. What are the prime factors of u(g)?
2, 43
Let c(r) = 100*r**2 + 224*r - 73. List the prime factors of c(11).
43, 337
Let h(u) = u - 6. Suppose -24 = -3*l - 0. Let c be h(l). Let q(x) = 60*x**2 - 8*x + 7. List the prime factors of q(c).
3, 7, 11
Suppose -518068 + 456826 - 2511354 = -46*h. What are the prime factors of h?
2, 3, 13, 239
Let v(i) = 506*i - 43. Let k be (-3 - -2) + 7 + -4. List the prime factors of v(k).
3, 17, 19
Suppose -p = -5*b - 1329, b - 3*p = 122 - 385. Let g = b + 719. List the prime factors of (-12)/(-42) - (-2)/(14/g).
5, 13
Let q be 12 + (-4)/(-4 - -8). Suppose -6*l - 125 = -q. Let j = 53 + l. List the prime factors of j.
2, 17
Let q(y) = 26*y - 163. Suppose o = -2*n + 61, 2 + 94 = 3*n + 3*o. List the prime factors of q(n).
3, 197
Let o be (4 - 2*-1)*30/12. Let k = 200 - o. List the prime factors of k.
5, 37
Suppose 5*x = 10*x - 1425. Let h = x + -579. Let m = -112 - h. List the prime factors of m.
2, 7, 13
Let n(i) = 10*i**2 + 106*i - 1940. List the prime factors of n(35).
2, 5, 701
Suppose -33*m + 2*a = -32*m - 4532, 0 = 4*m + 5*a - 18076. List the prime factors of m.
2, 3, 13, 29
Let n be -6*1 + (-7 - -247). Let r = -186 + n. List the prime factors of r.
2, 3
Let l(q) = 7*q**2 + 164*q + 1137. List the prime factors of l(-81).
2, 3, 5, 563
Suppose -133488 = -1147*v + 1123*v. What are the prime factors of v?
2, 3, 103
Let w(s) = -9*s**3 - s**2 + 5*s + 5. Let i be w(-2). Let j be ((-94)/(-5))/(i/15 - 4). Suppose -13*v = -15*v + j. List the prime factors of v.
47
Let o = 18219 - 6783. List the prime factors of o.
2, 3, 953
Let g(t) be the second derivative of t**5/20 + 29*t**4/12 + 16*t**2 - 1438*t. Suppose 3*f + 24 = -o + 2*f, 3*f - 44 = o. List the prime factors of g(o).
2
Let n = 143 + -143. Suppose n = -5*p - 4*v + 1180, 3*p + 6*v = 7*v + 708. What are the prime factors of p?
2, 59
Suppose -18*p + 217139 = -199651. What are the prime factors of p?
5, 11, 421
Let x(q) = 47*q**3 + 2*q - 1. Let i(g) = -g**3 - 6*g**2 + 8 - 4*g - 4 + 2. Let j be i(-5). List the prime factors of x(j).
2, 3
Let g be (-33736)/(-2) + -6 + (-100)/(-10). Suppose 1425 + g = 19*s. List the prime factors of s.
3, 107
Let d(k) = 11*k**2 - 2*k - 1. Let w be d(2). Let g be 2/6 + 22*(-9)/(-54). List the prime factors of 48/(g + w/(-12)).
2
Suppose -3*v + 99 = 5*m, -v - 8 = 3*v. Let w(s) = -s**2 + 22*s - 27. Let g be w(m). What are the prime factors of 204 - (g/(-3))/(-2)?
5, 41
Suppose n = -4*n - 80. Suppose 4*f = -18*m + 23*m + 36, f - 4*m - 20 = 0. What are the prime factors of -3 - n/f - -60?
61
Suppose -33662 = -20*a + 7672 + 19086. What are the prime factors of a?
3, 19, 53
Suppose -4*j + 24 = 4*d, 48 - 28 = 3*j + 5*d. Let c be (12/8)/(6/184). Suppose -c = -j*i - 2*p, 0 = 5*p - 10*p + 15. What are the prime factors of i?
2
Let s(p) = 3*p**2 + 8*p - 10. Let z be s(-5). Let y = z + 479. What are the prime factors of y?
2, 3, 7
Let a(t) = -t**2 - 17*t + 24. Let b be a(-18). Let c be (-1161)/b*8/(-12). Suppose c = w + 2*w. What are the prime factors of w?
43
Let p(x) = 13*x + 236. Let q be p(-18). Suppose -9831 = q*o - 31*o. What are the prime factors of o?
3, 113
Let y be (-48)/(-20)*(2 - -3). Suppose 3*n = y*n - 270. What are the prime factors of 12/90 + 3716/n?
2, 31
Suppose 308*a - 2847743 = 255*a. What are the prime factors of a?
53731
Let f(v) = -131*v - 61. Let l be f(-6). Let h = l + -317. List the prime factors of h.
2, 3, 17
Let i(g) = 3*g**2 - g**2 + 1 + g - 2*g**3 - 4*g**2 + 3*g**2. Let u be i(-1). Let m = u + 10. List the prime factors of m.
13
Let f be 1*3*(-55)/3. Let l be -49 - (-4)/6*9/2. Let m = l - f. List the prime factors of m.
3
Let m = -443 - -640. Let o = m + -85. List the prime factors of o.
2, 7
Let i(d) = -d**3 + 19*d**2 - 71*d - 67. List the prime factors of i(12).
89
Let l = -20564 - -78639. List the prime factors of l.
5, 23, 101
Let a = 22415 - -3564. List the prime factors of a.
83, 313
Let f = -413 + 417. Suppose 1830 = f*y - 2*q - 18, -2*y = 2*q - 918. What are the prime factors of y?
461
Let z = -1444 + 3396. What are the prime factors of z?
2, 61
Let f be (1 - (1 + 0))/(-4 + 2). Suppose a - 1 - 5 = f. Suppose a = -v + 85. What are the prime factors of v?
79
Let f = 1956 + 97. List the prime factors of f.
2053
Suppose -4*z = -5*z - 2*p + 13, 0 = p - 5. Suppose -21*d + 432 = z*d. What are the prime factors of d?
2, 3
Suppose 4*t + 116 = -4*l, 5*l + 14 = -t - 7. What are the prime factors of t*((-70)/5 + 1)?
13, 31
Let w be (-45)/51 - 10/85. Let p(b) = -41*b**3 + 15*b - 9. Let m(y) = -21*y**3 + 8*y - 5. Let v(f) = -11*m(f) + 6*p(f). List the prime factors of v(w).
2, 7
Let l be 8*(-4)/(-8) + -4. Let p = 5 + 87. Suppose -2*b - 400 = -5*a - 0*b, l = a + 2*b - p. List the prime factors of a.
2, 41
Let r(o) = -o**2 + 2*o + 17. Let k be r(-13). Let w = k + 422. What are the prime factors of w?
2, 61
Suppose s - 114 - 150 = 0. Suppose 0 = -2*n + 2*f + 256 + 350, 3*f - 1212 = -4*n. Suppose -n = -7*x + s. What are the prime factors of x?
3
Suppose -2*l + 4*p + 9394 = -15872, -4*l = 4*p - 50568. What are the prime factors of l?
3, 11, 383
Let q(t) = 216*t - 1747. List the prime factors of q(43).
7541
Let k(i) = -2*i**2 + 4. Let u be k(0). Suppose -4 = -u*p - 0. List the prime factors of ((-5)/(-10))/(p/106).
53
Suppose 5*j + 3*h - 8*h = 10340, -2068 = -j + 4*h. Suppose -7*v = -2734 - j. What are the prime factors of v?
2, 7
Suppose -c - 7 = c + 5*h, -2*c = -4*h - 20. Let k be ((-84)/(-16))/7*c. Suppose k*u - 214 = -5*w, -2*w - u + 47 = -39. List the prime factors of w.
2, 11
Let p(r) = -3*r**2 + 55*r - 167. Let z(l) = -2*l**2 + 28*l - 83. Let q(v) = 3*p(v) - 5*z(v). List the prime factors of q(15).
2, 257
Suppose -2*y - 5*b = -14401, 3*y - 31102 + 9487 = -3*b. What are the prime factors of y?
2, 17, 53
Let o(l) be the third derivative of 13*l**4/24 + 9*l**3 + 4*l**2. What are the prime factors of o(9)?
3, 19
Let y(j) = j**2 + 8*j + 18. Let a be y(-5). Let z be a/2*8/(-6). What are the prime factors of (-6 - 0)*(z - 188/8)?
3, 17
Let x(w) = -3*w. Let p be x(-2). Let k be 26*(2/6 - (-4)/6). Let f = p + k. List the prime factors of f.
2
Let w(f) = -334*f + 9. Let z be w(-12). Suppose i - z = -5*n, n = 3*n + 2*i - 1602. Suppose n = -0*d + 3*d. List the prime factors of d.
2, 67
Let u = 225 + -223. Suppose -10*n = -u*t - 8*n + 914, n = 2*t - 917. What are the prime factors of t?
2, 5, 23
Suppose 0 = 5*i - 20, -y - 13*i + 10976 = -9*i. List the prime factors of y.
2, 5, 137
Suppose 0 = -4*f - m + 1181, -4*f = -0*f + 3*m - 1175. List the prime factors of 5 + -7 - f/(-2).
2, 73
Let m = 2927 + 1696. Let j = m - 2826. What are the prime factors 